be o(-1). Suppose 4*d - 4*y - 157 + 41 = 0, 5*d - 147 = c*y. Calculate the remainder when w is divided by d.
29
Suppose 4*x - 12 = 0, -4*x - 404 = -5*v + v. What is the remainder when v is divided by 55?
49
Let a(n) = 70*n**2 + n + 12. Let w be a(-3). Suppose -4*f = -3*g - w, 25*g = f + 28*g - 141. What is the remainder when f is divided by 23?
18
Let g = -160 + 95. Calculate the remainder when 10/65 - 4670/g is divided by 21.
9
Suppose 0 = 2*y + 4*p - 218, 3*p + 2*p - 322 = -3*y. Suppose 0 = 5*q, -5*c - 5*q = -c - 40. Calculate the remainder when y is divided by c.
9
Suppose -n + 231 - 47 = 0. Suppose 3*u + 357 = 3*j, 3*j - 30 - 306 = -4*u. What is the remainder when j is divided by (n/(-138))/((-164)/78 + 2)?
12
Suppose -3*n + 4*o - 172 = -7*n, -4*n + 4*o = -172. Calculate the remainder when 346 is divided by (20/6 - 3)*(n - 7).
10
Let y(q) = 2*q + 25. Suppose -10*l + 21*l + 110 = 0. Let x be y(l). Suppose x*b - 144 = -7*b. What is the remainder when 20 is divided by b?
8
Suppose 0 = 2*g - 5*i - 80, -63 = -4*g + 4*i + 73. Calculate the remainder when (25/(-10) + 4)/(18/6828 + 0) is divided by g.
29
Let o = -2625 + 2779. What is the remainder when o is divided by 154?
0
Let v(g) = -g**3 + 9*g**2 + 853*g - 35. Let q = 6 + -3. Suppose 5*y + q = 88. Calculate the remainder when v(34) is divided by y.
16
Let k(b) = 3*b**3 - 70*b**2 - 44*b - 66. Calculate the remainder when 2457 is divided by k(24).
27
Let s = 31 + -12. Let h(z) = 10*z**2 + 3*z - 3. Let a be h(4). Let c = -75 + a. Calculate the remainder when c is divided by s.
18
Let k = 13487 - 9546. Calculate the remainder when k is divided by 28.
21
Let l be (-3 + 6)/(-3)*76. Let h = -72 - l. Suppose -4*a = -h*f - 168, -3*a = -a - 3*f - 88. Calculate the remainder when a is divided by 20.
18
Suppose p = -2, -p - 65 = -3*k + 108. Suppose -t = -5*t - 4*m + 64, -m = 4*t - 55. Suppose 450 = t*x - k. Calculate the remainder when x is divided by 15.
9
Let d = 41250 + -41185. What is the remainder when 6104 is divided by d?
59
What is the remainder when 507 is divided by 6/20*106 + (4/(-4))/(-5)?
27
Suppose 9*y = -173 + 524. Suppose -5*r = -127 + 92. What is the remainder when y is divided by r?
4
Suppose 0 = -24*i + 22*i. Calculate the remainder when 3 + 246/6 + (i - 1) is divided by (1 + -5)*(-30)/8.
13
Suppose 12 = b - 3*r, 0 = 3*b - 0*r - 2*r - 15. Suppose 8 = 2*a + 2*y, -b*y - 1 = 8. Calculate the remainder when 7 is divided by a.
0
What is the remainder when 593 is divided by 1584/1296*99*1?
109
Let a be (3 + 36/(-20))*10/4. Let d be (-14)/a*36/(-42). Suppose 5*p - p - d*y = 80, 4*y - 4 = 0. Calculate the remainder when 40 is divided by p.
19
Let c = 2393 + -2361. Calculate the remainder when c is divided by 1.
0
Suppose -22*n - 25422 = -136*n. Calculate the remainder when n is divided by 107.
9
Suppose t + 2*w = 43, -107 - 2 = -3*t + 4*w. Let r = t - 21. Suppose -2*c = m - 9, 11 = 4*c + 3*m - 4. What is the remainder when r is divided by c?
0
Let w(h) = h**2 + 2. Let c = 4772 - 4719. Calculate the remainder when c is divided by w(3).
9
What is the remainder when (7 - (-2 + 14 + -10)) + (1 - -1264) is divided by 419?
13
Let n(w) = -13*w + 204. Suppose -z + 1172 = 1158. Calculate the remainder when 120 is divided by n(z).
10
Suppose -289*b + 732953 + 356929 = -1299281. What is the remainder when b is divided by 12?
11
Let p(o) = 282*o + 4106. Calculate the remainder when 382 is divided by p(-14).
66
Suppose 49*g = 3800 + 2374. Suppose 5*h - 4*s - 173 = 0, -2*h + 5*s + 36 + 40 = 0. Calculate the remainder when g is divided by h.
27
Calculate the remainder when 286 is divided by 63/105 + (-108)/(-20).
4
Suppose 0 = -36*j + 33*j - w + 36, -3*j + 4*w + 66 = 0. Calculate the remainder when 107 is divided by j.
9
Let i(a) = -a + 16. Let d be ((-3)/9*-21)/1. Let q be i(d). Let w = 23 - q. What is the remainder when 24 is divided by w?
10
Let a(x) = 8*x + 10. Suppose -11*g - 9 = -14*g. Let z be a(g). Suppose -69 = -b + z. What is the remainder when b is divided by 15?
13
Let a = 392 - 113. Let h = 374 - a. What is the remainder when h is divided by 11?
7
Let p = -69 - -70. Suppose 26 = 2*m + 4*s, -3*s = 2*m - 4*s - p. Suppose 0*r + 2*r = -m*i + 77, i + 201 = 5*r. Calculate the remainder when 199 is divided by r.
39
Suppose -130 = -13*l + 39. Suppose -2*x - 3*r = -193, -5*x = l*r - 9*r - 479. What is the remainder when x is divided by 12?
11
Suppose 0 = 9*r + 3*r + 1118 - 2222. What is the remainder when 433 is divided by r?
65
Let u(g) = 54*g + 4705. Calculate the remainder when 4217 is divided by u(-80).
367
Let c be 2 + 6 - (-15)/(0 + -3). Suppose -c*i + 24*a + 27 = 27*a, 0 = i + 5*a - 25. What is the remainder when 43 is divided by i?
3
Let k = -217 - -217. Suppose -12*q - 42 = -13*q - 2*m, k = -q - 4*m + 34. Calculate the remainder when 83 is divided by q.
33
What is the remainder when 2302 is divided by (2 - (-10)/3)/(324/4374)?
70
Suppose 0 = 49*d - 330 - 993. What is the remainder when 97 is divided by (54 - -2)*d/27?
41
Let n = 5620 + -5614. What is the remainder when 395 is divided by n?
5
Suppose -3*w + 2*w = -13. Suppose -37*d + 32*d = -20. Calculate the remainder when ((-17)/2)/17 + 306/d is divided by w.
11
Suppose 6*z + 65 = 371. Calculate the remainder when 44061 is divided by z.
48
Let a = 101 - 3. Suppose -535 = 5*f + z, -2*f = -3*f - 2*z - a. Let m = -93 - f. Calculate the remainder when 23 is divided by m.
8
Suppose -4*h + 130 = h + a, 3*h - 5*a = 50. Let u = 28661 + -28651. What is the remainder when h is divided by u?
5
Let r(f) be the third derivative of f**5/15 - 7*f**4/24 - 14*f**3/3 - 2*f**2 - 1. Calculate the remainder when r(11) is divided by 10.
9
Let f = 1133 - 1132. Calculate the remainder when 85 is divided by f.
0
Let v = 29 + 22. Let x = v - 32. Suppose 5*m - 61 = x. What is the remainder when m is divided by 12?
4
Suppose -21*o + 0*o = -420. Suppose o*v - 3922 = 418. Let k = -30 - -74. Calculate the remainder when v is divided by k.
41
Let v(b) = 23*b**2 + 248*b + 4344. What is the remainder when v(-18) is divided by 2442?
6
Let y = -21829 + 21862. Calculate the remainder when 294 is divided by y.
30
Let g be 3/((-1 + 3)/4). Let o(j) = 19*j - 103. Calculate the remainder when o(g) is divided by 3.
2
Suppose 2*d - 87 = -83. Let q(u) = 0*u**3 + 85*u**2 - 86*u**d + u**3 - 4*u. What is the remainder when 27 is divided by q(3)?
3
Let c be (-368)/(-72) + 2/(-18). Suppose c*i - 70 = -2*o, 2*i - 49 = o - 12. Calculate the remainder when 78 is divided by i.
14
Let o(x) = -x**3 + 54*x**2 + 57*x - 44. Calculate the remainder when o(55) is divided by 40.
26
Suppose 4*o - 2*o = 88. Let f = 200 - 109. Let l = f - 75. Calculate the remainder when o is divided by l.
12
Suppose -2*n + 108 = -p, -3*p - 47 = -n + p. Suppose 4*g + 2*c = 34, 4 + 37 = 5*g + 3*c. What is the remainder when n is divided by g?
5
Let r = 2573 - 2473. What is the remainder when 312 is divided by r?
12
Suppose -22 = 20*h - 262. Let o(q) be the second derivative of q**4/12 - q**3/6 + 3*q**2/2 - 8*q. Calculate the remainder when h is divided by o(0).
0
Calculate the remainder when 26/(-2)*2/(-2) is divided by (-197)/(105395/(-2247))*(-10)/(-7).
1
Calculate the remainder when 45396/(-130)*(-20)/3 is divided by 1162.
4
Let c(p) = -p**3 - 29*p**2 + 26*p - 99. Let f be c(-30). Let x = f + 207. Calculate the remainder when x is divided by 33.
30
Suppose -4*i = 11*i - 510. Suppose -410 = -6*g + 208. Calculate the remainder when g is divided by i.
1
Let f(r) be the second derivative of r**5/10 - r**4/12 - r**3/3 + r**2 - 15*r + 2. Let q = -8 - -11. Calculate the remainder when f(q) is divided by 7.
6
Let k = 381 - 104. Let l = -849 - -756. Calculate the remainder when k is divided by 210/4*(-62)/l.
32
Let d be (-105)/(-28) + (-3)/(-12). What is the remainder when 222 is divided by 58 + 0*(d - (2 + 1))?
48
Let z = -5291 - -5892. Calculate the remainder when z is divided by 31.
12
Let o be (691 + -25)*((-12)/9 - -2). Calculate the remainder when 135198/o + (1 - 3/2) is divided by 61.
60
Let x(n) = -n**3 - 4*n**2 - 3*n + 4. Let i be x(-3). Suppose 0 = 30*y - 32*y + i. Calculate the remainder when ((-8)/6)/(y/(-138)) is divided by 24.
20
Suppose 5*h - 5*l + 369 = 7*h, -3*h - 2*l + 570 = 0. What is the remainder when h is 